 - 119. Calculate the remainder when 61 is divided by o.
15
Let f(a) = -4*a**3 + 26*a**2 - 6*a + 8. What is the remainder when 515 is divided by f(4)?
83
Calculate the remainder when 126 is divided by -12 - -4*540/80.
6
Suppose 7*d - 2*p + 601 = 2*d, 3*d + 361 = p. Let l = d - -135. Calculate the remainder when l is divided by 30/(-8)*(-72)/27.
4
Let j(x) = -3*x + 3. Suppose -2*v - 1170 = -13*v - 873. Calculate the remainder when v is divided by j(-7).
3
Suppose -2*j - 2*j + 148 = 4*u, -177 = -5*u - j. Let m(k) = -k + 14. Let d be m(11). Suppose -7*r + 556 = -d*r. Calculate the remainder when r is divided by u.
34
Let y(k) = -23*k + 6. Let n = 0 - 105. Let d = n + 104. What is the remainder when 56 is divided by y(d)?
27
Suppose -12*v = -v - 4125. Suppose -3*w - v = 2*w. Let y = w + 80. What is the remainder when 7 is divided by y?
2
Suppose 5*b = 21 - 6. Suppose b*f = v + f + 6, -5*v = 3*f + 4. Let l = v - -12. Calculate the remainder when 37 is divided by l.
7
Let p = 4882 - 4747. What is the remainder when p is divided by 34?
33
Suppose -5*g + 4*j = -j - 1560, -2*g = -j - 628. Let n = -241 + g. What is the remainder when n is divided by 24?
3
Suppose 36*c = 35*c + 1. Let u be 367/2 - (10/4 - c). What is the remainder when (u/35)/(3/105) is divided by 46?
44
Suppose 15 + 440 = 91*y. Calculate the remainder when 1642 is divided by y.
2
Let h = -5166 + 5224. What is the remainder when 117 is divided by h?
1
Let m(v) = 791*v**2 - 8*v + 12. What is the remainder when m(2) is divided by 109?
108
Let l(i) = i**2 + i - 3. Let t be l(6). Let s = -12 - -42. What is the remainder when s is divided by t/3 + -9 + 7?
8
Let z be (-26)/65 + (-398)/5. Let g = 127 + z. What is the remainder when 185 is divided by g?
44
Let x = 16977 - 16891. Calculate the remainder when x is divided by 4/2 - 5*-5.
5
Suppose 3*q = 2*q + 85. Suppose -2*f = -9*f. Suppose f = -8*h + 73 + 103. Calculate the remainder when q is divided by h.
19
Let v(i) = i**2 + 25*i + 160. Suppose o + 3*k = 11 - 38, 4*k = -4*o - 76. Calculate the remainder when 46 is divided by v(o).
6
Let n(b) be the first derivative of -b**4/4 + 4*b**3 - 13*b**2/2 - 26*b - 86. Calculate the remainder when n(8) is divided by 16.
14
Let a(u) = u**2 - 34*u + 226. What is the remainder when 92 is divided by a(7)?
18
Suppose 3*v - 22855 = -8*u + 7284, -3*u - 12 = 0. What is the remainder when v is divided by 107?
106
Let h be (0 + -34)*1*20. Let l = h + 1170. What is the remainder when l is divided by 29?
26
Let w be (-3)/(15/(-5))*2. Suppose 2*p - w*l - 3*l - 909 = 0, 2*l + 2241 = 5*p. What is the remainder when p is divided by 30?
27
Suppose -3*z + 121 = -p - 245, 4*z + 4*p = 472. What is the remainder when 144 is divided by z?
23
What is the remainder when (-2686 - (-2 - -12))*((-3)/(-2) + -2) is divided by 18?
16
What is the remainder when 423610/55 + -19 + 0 is divided by 18?
15
Let t = -22 - -27. Let n = 13 + -10. Suppose 3*u - 49 = -5*b, 3*u + 7 = -n*b + 64. What is the remainder when u is divided by t?
3
Let w(m) = -107*m - 1013. Calculate the remainder when w(-21) is divided by 24.
10
Let x(w) = 6*w**2 + 31*w - 35. What is the remainder when 3007 is divided by x(2)?
49
Suppose -36*q = -50*q + 42. Suppose 20 = -5*s, 4*h + s - 44 = q*s. Calculate the remainder when 33 is divided by h.
6
What is the remainder when (-5 - (-4 + -237)) + 7 is divided by 62?
57
Let s(y) = y**2 + 20*y - 561. What is the remainder when 363 is divided by s(16)?
3
Let u(s) = -s**3 + 8*s**2 - 3*s - 2. Let d(v) = v**3 + 6*v**2 - 996*v - 5967. Calculate the remainder when u(6) is divided by d(-6).
7
Calculate the remainder when 174 is divided by 154/3*924/1078.
42
Suppose -2*p = 3*x + 1144, 5*p - 2*x + 1194 + 1628 = 0. Let j = 732 + p. What is the remainder when j is divided by 42?
40
Suppose 0 = -18*c + 23*c + 30, 0 = -o - 4*c + 464. Calculate the remainder when o is divided by 50.
38
Suppose 21*m - 41*m + 800 = 0. Let x = -29 + 45. What is the remainder when m is divided by x?
8
Let w be 1/((-15)/(-35)) - 2/(-3). Suppose g = p - 8, p - 2*g - 11 + w = 0. What is the remainder when 47 is divided by p?
7
Let k(f) = -f**2 - 3*f - 6. Let w be k(-7). Let v = 37 + w. Suppose 24 + 39 = v*q. Calculate the remainder when 38 is divided by q.
17
Calculate the remainder when (2/(-3))/(1/(-84)*140/1200) is divided by 83.
65
Suppose 0 = -26*v + 16*v + 3670. Let p = v - 345. What is the remainder when p is divided by 8?
6
Suppose 3*w + 2*w + 10 = 0. Suppose 1389*x - 1378*x = 220. Calculate the remainder when (-1770)/(-20)*w/(-3) is divided by x.
19
Let n = 543 - 267. Suppose -13*f + n = -f. Suppose w = -0*h + 3*h + 23, -f = -w - 2*h. What is the remainder when 34 is divided by w?
11
Let n be -5*(-5)/50*238. Let a = n - 82. What is the remainder when a is divided by 4/(8/22) + 2?
11
Calculate the remainder when 1*251 - (-240 + 248) is divided by 18.
9
Suppose -5*h - 177 = 843. What is the remainder when (-8)/(-68) - (7 + 4756/(-34)) is divided by h/(-16)*(-16)/(-6)?
31
Calculate the remainder when 1/2 - (80568/(-48) - (1 + -10)) is divided by 553.
11
Calculate the remainder when ((-7320)/(-1952))/((-5)/(-852)) is divided by 16.
15
Suppose -177*b = -165*b - 1824. What is the remainder when 815 is divided by b?
55
What is the remainder when 18926 is divided by ((-168)/(-1008))/((-1012)/(-336) + -3)?
12
Suppose 0 = 4*s + 4 - 12. Suppose -166 = -2*h - s*l, -4*h + 23*l + 296 = 18*l. Calculate the remainder when 224 is divided by h.
66
Calculate the remainder when 76 + ((-1)/(-1))/1 is divided by (-8)/(-32)*(47 - 7 - 0).
7
Let j(i) = -13*i + 216. Let k be j(0). Suppose -178 = t - k. Calculate the remainder when 378 is divided by t.
36
Let y = 90 - 133. Let z = y + 47. Suppose 0 = -t + 21 - z. Calculate the remainder when 29 is divided by t.
12
Let i(f) = f + 3. Let p be i(12). Let r = p - 15. What is the remainder when 160 is divided by 6/4*(r + 18)?
25
Let y = 308 + -309. Let s(a) = 5*a**2 - 8*a + 2. Calculate the remainder when 130 is divided by s(y).
10
Let b(l) = -9*l - 72. Let w be b(-8). Let p be 32/20 - (-4)/10. Suppose w = 6*x - p*x - 76. Calculate the remainder when 94 is divided by x.
18
Suppose 0*d = 2*d - 12. Let m be (26 + -8)/(d/116). Suppose 5*y + m = o + y, 0 = -5*y - 25. What is the remainder when o is divided by 55?
53
Let q be (-117)/(-52) + (-1)/4. Suppose -5*v - 2*j + 108 = 0, -4*v = -q*j - 3 - 87. What is the remainder when 34 is divided by v?
12
Let q(s) = -5*s - 49. Let p = -59 - -48. Calculate the remainder when q(p) is divided by 1.
0
Suppose 4*r = 2*h + 1328, -r - 4*h + 1206 = 874. What is the remainder when 19586 is divided by r?
330
Let w = -33 + 40. Suppose w*m = 2*m + 25. Suppose -m*l = -8*l + 33. Calculate the remainder when 85 is divided by l.
8
Suppose 14 = -3*h + 32. Suppose i - h*i = -225. Let q = -34 + i. Calculate the remainder when 43 is divided by q.
10
Let g(i) = -i**3 - 8*i**2 - 4*i + 30. Let c be g(-7). Suppose 0 = -4*a + 4, c*z - 5*a + 53 = 13*z. What is the remainder when 274 is divided by z?
10
Let k = 3052 + -3013. Calculate the remainder when 130 is divided by k.
13
Let h = -389 + 755. What is the remainder when h is divided by 147?
72
Suppose 24*b - 253 = 707. Suppose 949 = b*j + 269. Let m(w) = -40*w + 1. Calculate the remainder when m(-2) is divided by j.
13
Suppose -1 - 4 = -o. Let d(c) = c**2 - 4*c - 15. Let q be d(6). Let a(y) = y**2 + 3*y + 10. Calculate the remainder when a(q) is divided by o.
0
Let w(q) = -q**3 - 59*q**2 + 599*q - 19. What is the remainder when w(-68) is divided by 59?
39
Let y(p) = -p**2 + 3*p + 32. Let x be y(8). Let c(g) = -7*g - 35. What is the remainder when 62 is divided by c(x)?
20
Suppose -21*w + 201 = -156. Suppose 11*m - 728 = -w*m. What is the remainder when 363 is divided by m?
25
Suppose -2*a - 36134 = -2*u + 4698, -20419 = -u + 2*a. What is the remainder when u is divided by 173?
172
Let m be 3/(3/(-18) - 3/(-6)). Suppose 0 = -z + 23 + m. What is the remainder when (-305)/(-5)*(4 + -3) is divided by z?
29
Suppose 348*s - 302*s - 3358 = 0. What is the remainder when s is divided by 21 - (2 - -1 - 3)?
10
Let n = -22 - -24. Suppose 4*v = -3*l + 22, 5*l + n*v - v - 31 = 0. Suppose 9 - 87 = -l*y. Calculate the remainder when 38 is divided by y.
12
Calculate the remainder 